-11. Let a be x/4*20/6. What is the units digit of a + 1 - (-1 + -9)?
6
Suppose -5*q + 35 + 345 = 0. Let c = 112 - q. What is the tens digit of c?
3
Let f(q) = q + 9. Let b be f(-5). Suppose -r - 17 = s + b*r, -5*r = -4*s + 32. Suppose -w - 56 = -s*w. What is the units digit of w?
8
Let l = -29 + 37. Let i = l + -68. Let o = 95 + i. What is the tens digit of o?
3
Let d(s) = -s**3 + 11*s**2 + 23*s + 14. What is the thousands digit of d(-9)?
1
Let t = -29 + 33. Let v(b) = b**3 + 7*b**2 + 5*b - 7. Let u be v(-5). Let d = t + u. What is the tens digit of d?
2
Let n be 4/10*5 - -58. Let a = -16 + n. What is the tens digit of a?
4
Let b = 11 + -11. Suppose 0 = -3*i - u + 203, i + b*u = -3*u + 57. What is the tens digit of i?
6
Suppose -116190 = 21*z - 51*z. What is the thousands digit of z?
3
Let h be 13/4 + (-18)/72. Suppose h*o - o = -z + 339, o = -2*z + 171. What is the units digit of o?
9
Suppose -28 = -5*d + 352. Let t = d + -32. Suppose -t = -3*g + g. What is the tens digit of g?
2
Let u = 13 - 10. Suppose 5*h = -2*x + 245, 5*h - 280 = -u*x + 8*x. What is the tens digit of h?
5
Let u = 30 - 2. Let l = u + -56. Let c = l + 76. What is the tens digit of c?
4
Let q(r) = -r**3 + 8*r**2 - 7*r + 4. Suppose 4*l + i - 2*i - 26 = 0, -4*l = -5*i - 18. What is the units digit of q(l)?
4
Suppose 14*d - 9415 = -273. What is the tens digit of d?
5
Let y = 293 - 172. Let z = y - 72. What is the tens digit of z?
4
Let q(y) = -3*y + 17. Let t(s) = -s**2 - 6*s. Let m be t(-5). Let p be q(m). Suppose 0 = w - p*w + 63. What is the tens digit of w?
6
Suppose 5*h - 1429 - 806 = -5*s, 4*h = -5*s + 2238. What is the units digit of s?
0
Let c = 1 + 13. Let l = c - 6. What is the units digit of l?
8
Let y = -981 - 391. What is the tens digit of y/(-18) + (-235)/45 + 5?
7
Let r = -14 - -13. Let k be 31/1 + (-3)/r. Suppose 6 = 4*j - k. What is the tens digit of j?
1
Let d be (-24)/28*1/2*14. Let c(s) = 3*s**2 + 8*s + 4. What is the units digit of c(d)?
4
Let c = 27 - -147. Suppose -6*l = -4*l - c. What is the tens digit of l?
8
Let t be 82/20*-4*-5. Let k = t - 134. Let n = -28 - k. What is the tens digit of n?
2
Suppose -4*h + 6006 = 9*h. What is the units digit of h?
2
Let v = 53 + -18. Suppose 0 = z - v - 14. What is the units digit of z?
9
Suppose -4*o = -4*b - b - 5129, 0 = -3*o - 3*b + 3840. What is the hundreds digit of o?
2
Let m = 414 - 247. What is the tens digit of m?
6
Suppose 0 = -2*l + 5*a + 1, -5*l + 3*a = 8*a - 20. Suppose -l = c - 5. What is the units digit of (-8)/(2*c/(-16))?
2
Let d be (-1)/2 + (-915)/(-10). Suppose 5 = 2*f - d. Suppose 5*m - 2*m = f. What is the units digit of m?
6
Let l = 3 + -1. Let q(b) = -b**l - 6*b**3 - b - 1 - b + 4*b**3. What is the tens digit of q(-2)?
1
Let a = -9 - -5. Let y be (a/5)/(4/(-10)). Suppose y*i + i = 153. What is the units digit of i?
1
Suppose -4 = 3*q + 14. Let s be 0*3/q + 12. Let g(j) = -j**2 + 14*j - 3. What is the units digit of g(s)?
1
Let r = -10 + 9. Let t be r/5 - 28/10. What is the units digit of 1/((-42)/15 - t)?
5
Suppose 5*y = 20, -2*u + 0*y = 3*y - 54. Let n be (-4)/(0 + (-2)/2). Suppose -36 = -2*o - l + u, -n*l - 12 = 0. What is the tens digit of o?
3
Suppose 10 = 5*v, 8*l + 5*v = 4*l + 90. Suppose 0 = -24*b + l*b + 472. What is the units digit of b?
8
Suppose -3*z - 2542 = -f, -2*z + 7 - 9 = 0. What is the tens digit of f?
3
What is the tens digit of 3/6 + 18733/26?
2
Let c(i) = 2*i**2 - 4*i + 7. Let t be c(-5). Let b = 50 - t. Let m = 34 + b. What is the units digit of m?
7
Suppose -2*y + 2*h = 0, 4*y = 6*y + 4*h - 18. Suppose -3*q + y*w - 75 = 0, -4*q - 4*w - 134 = q. What is the tens digit of (-4 - (-2 - 0))*q?
5
Let a(u) = -u**2 + 19*u - 34. Suppose 13*q = 8*q + 80. What is the tens digit of a(q)?
1
Suppose -103*m + 19187 = -96*m. What is the thousands digit of m?
2
Suppose -o - x + 3 = -2, 0 = 5*x + 15. Suppose 0 = -4*v + o, -h - 1 = -v + 1. Suppose h = 5*m - 158 - 42. What is the units digit of m?
0
Let m = 3369 - 2009. What is the units digit of m?
0
Let y(w) = w**3 - 16*w**2 + 50*w - 1. What is the tens digit of y(13)?
4
Suppose -2*p - 31 = -25. What is the tens digit of 1/(-12)*p*44?
1
What is the tens digit of (1009/(-2) + -2)/((-1)/2)?
1
Suppose n + 4 = 0, -3*r - 153 = -3*n - 609. What is the units digit of r?
8
Let y be 216/(-5) + (-24)/30. Let g = 94 - -1. Let a = y + g. What is the tens digit of a?
5
Let l = 488 - -7. What is the tens digit of (-2 - 0)*l/(-18)?
5
Let g(c) be the third derivative of -1/3*c**3 + 3*c**2 - 1/60*c**5 + 0 - 1/10*c**6 + 0*c - 1/8*c**4. What is the tens digit of g(-1)?
1
Let b(d) be the first derivative of -5 - 4*d + 7/2*d**2. What is the tens digit of b(6)?
3
Suppose 44 = -10*y - 3356. What is the units digit of y/6*6/(-4)?
5
Let u be (4/2)/1 + 2. Suppose 5*i + s - 38 + 13 = 0, u*s - 20 = 0. Suppose -4*w + 4 + i = 0. What is the units digit of w?
2
What is the units digit of 39 + 0 + 3/3?
0
Let g(v) = -v**3 - 118*v + 100*v + 2 + 8 + 11*v**2. What is the units digit of g(7)?
0
Let i(l) = 2*l**2 - 2*l - 1. Let s be i(-1). Let n = 36 + -3. Suppose 27 = s*v - n. What is the tens digit of v?
2
Let o(a) be the second derivative of -7*a**3/6 - 3*a**2 + a. Let t be ((-10)/(-6))/((525/(-90))/35). What is the units digit of o(t)?
4
Let w(i) = 7*i**2 + 5*i + 9. Let j = 6 - 10. Let x be w(j). Suppose 3*n + 4*y - 129 = 0, 5*n - x = -2*y + 114. What is the tens digit of n?
4
Let f(z) = -z**2 + 8*z - 3. Let l be f(7). Suppose r = l + 1. Suppose -r*i + 4*k + 340 = 0, 3*i + 4*k - 141 - 63 = 0. What is the units digit of i?
8
Let i(c) = c**3 + 13*c**2 - 12*c + 28. Let k be i(-14). Suppose 2*v - 5*v + 153 = k. What is the units digit of v?
1
Suppose 7*n - 1174 - 198 = 0. What is the units digit of n?
6
Suppose -1124 = -4*o - 4*j - 260, 437 = 2*o + j. What is the units digit of o?
1
Let g = 1042 - 356. What is the tens digit of g?
8
Let g(v) be the third derivative of v**6/120 - 3*v**5/20 - v**4/24 + 3*v**3/2 + 8*v**2. What is the tens digit of g(10)?
9
Suppose 0 = -4*b - 16 - 4. Let i be 1/b + (-178)/10. Let w = 1 - i. What is the units digit of w?
9
Suppose -5*p + 566 = -3*v + 1707, 4*v - 2*p - 1512 = 0. Suppose c = 5*j - 0*j + 67, -5*c + 4*j = -v. What is the tens digit of c?
7
Let a(b) = b**3 - 2*b**2 + 2*b - 1. Let n be a(1). Let p(c) = c**2 - 9*c + 12. Let j be p(8). Suppose -h = n, -k - 7 = -2*k + j*h. What is the units digit of k?
7
Let l(r) = 1329*r + 52. What is the units digit of l(1)?
1
Let b be 48015/27 + (-2)/(-3). Suppose -89 = 10*p - b. What is the tens digit of p?
6
Let b(r) = -6*r**2 + r + 1. Let c be b(-1). Let f be c/(-1 - (-3)/(-6)). Suppose -f*t - 2*a + 120 = 0, 2*t - 4*a = 3*t - 44. What is the tens digit of t?
2
What is the tens digit of 8972/3 + ((-90)/(-27))/10?
9
Suppose 0 = 6*w - w + 4*i + 5, 0 = w + 3*i + 1. What is the tens digit of (w - 0/(-5))*-45?
4
Suppose -3*a + 0*a = -2*s + 23, 29 = s - 5*a. Suppose z = -s - 10. What is the units digit of 1/(-2) + (-35)/z?
2
Suppose -3502 = -u - 3*z, -17499 = -u - 4*u - 4*z. What is the tens digit of u?
9
Suppose 0 = 5*y - 4*t - 21 - 100, 3*t - 3 = 0. Suppose 2*a = -5*j - 0*a + y, -6 = 3*j - 3*a. Suppose -i = j - 13. What is the units digit of i?
0
Let f(j) be the first derivative of j**5/60 + j**4/6 - j**3/2 + 2*j**2 - 5. Let a(c) be the second derivative of f(c). What is the units digit of a(-7)?
8
Let f(l) = 145*l**3 - 4*l + 3. Let b be -2*(-1)/1 - (-16 + 17). What is the tens digit of f(b)?
4
Suppose 0 = -2*a + a - 6. Let p be 45/a*(-12)/10. Suppose p*y = 7*y + 52. What is the tens digit of y?
2
Let d(y) = y**3 + 12*y**2 + 11*y - 19. Let r be d(-10). Let s = r - 42. What is the tens digit of s?
2
Let z(s) = -s**2 - 6. Let x be z(-3). Let w = 39 + x. What is the units digit of w?
4
Let x(f) = 4*f - 24. Let y be x(16). Suppose l - 37 = -2*m - 8, 0 = -3*m + 2*l + y. What is the tens digit of m?
1
Suppose 7*q = 763 + 1883. What is the tens digit of q/(-28)*(0 - 10/3)?
4
Let o be ((-4)/7)/(4/(-14)). Suppose i - 3*a = -0*i + 19, o*a + 10 = 0. What is the tens digit of (-3)/i*1*-24?
1
Let p be (-1)/1 + (-42)/2. Let t = p + 42. Suppose y - o = -t + 51, -2*y + 62 = -4*o. What is the units digit of y?
1
What is the thousands digit of 378/(-270) - (-45934)/10?
4
Let j(n) = 10*n - 447. Let d be j(59). Suppose